{"id":11,"date":"2011-01-13T12:26:26","date_gmt":"2011-01-13T12:26:26","guid":{"rendered":"http:\/\/www.gyal-zarszerviz.hu\/?page_id=11"},"modified":"2011-01-13T12:31:04","modified_gmt":"2011-01-13T12:31:04","slug":"tovabbi-szolgaltatasaink","status":"publish","type":"page","link":"https:\/\/www.gyal-zarszerviz.hu\/?page_id=11","title":{"rendered":"V\u00e1llaljuk m\u00e9g&#8230;"},"content":{"rendered":"<h2>Az al\u00e1bbi tev\u00e9kenys\u00e9geket is v\u00e1llaljuk, r\u00f6vid hat\u00e1rid\u0151vel \u00e9s garanci\u00e1val:<\/h2>\n<ul>\n<li>lakatosmunk\u00e1k az \u00f6n\u00f6k ig\u00e9nye szerint<\/li>\n<li>jav\u00edt\u00e1s teljes k\u00f6r\u0171 z\u00e1r, ajt\u00f3 jav\u00edt\u00e1s<\/li>\n<li>z\u00e1rcsere Non-Stop 0-24<\/li>\n<li>z\u00e1rnyit\u00e1s \u00e9jjel-nappal<\/li>\n<li>z\u00e1rszerel\u00e9s nonstop<\/li>\n<li>z\u00e1rszerel\u00e9s 0-24h non stop h\u00edvhat\u00f3 gyors szolg\u00e1lat<\/li>\n<li>biztons\u00e1gi ajt\u00f3k jav\u00edt\u00e1sa, k\u00e9sz\u00edt\u00e9se, nyit\u00e1sa<\/li>\n<li>p\u00e1nc\u00e9lajt\u00f3k szerel\u00e9se, nyit\u00e1sa, jav\u00edt\u00e1sa, forgalmaz\u00e1sa<\/li>\n<li>bet\u00f6r\u00e9sbiztos ajt\u00f3k jav\u00edt\u00e1sa, k\u00e9sz\u00edt\u00e9se<\/li>\n<li>vasajt\u00f3k jav\u00edt\u00e1sa, k\u00e9sz\u00edt\u00e9se<\/li>\n<li>fabor\u00edt\u00e1s\u00fa p\u00e1nc\u00e9lajt\u00f3k forgalmaz\u00e1sa, k\u00e9sz\u00edt\u00e9se<\/li>\n<li>v\u00e9d\u0151pajzs felszerel\u00e9s<\/li>\n<li>dugul\u00e1selh\u00e1r\u00edt\u00e1s<\/li>\n<li>szennyv\u00edzcsatorna tiszt\u00edt\u00e1s \u00e9p\u00edt\u00e9se<\/li>\n<li>jav\u00edt\u00e1sa<\/li>\n<li>zs\u00edrtalan\u00edt\u00e1sa<\/li>\n<li>v\u00edzvezet\u00e9k<\/li>\n<li>cs\u0151t\u00f6r\u00e9sek<\/li>\n<li>cs\u0151reped\u00e9sek<\/li>\n<li>mosogat\u00f3-k\u00e1d-csap-toalett dugul\u00e1s-elh\u00e1r\u00edt\u00e1s<\/li>\n<li>dar\u00e1l\u00f3s WC-K jav\u00edt\u00e1sa<\/li>\n<li>csatornaszerel\u00e9s<\/li>\n<li>v\u00edz\u00f3ratervez\u00e9s \u00e9s kivitelez\u00e9s<\/li>\n<li>kerti csapok bek\u00f6t\u00e9se<\/li>\n<li>mos\u00f3g\u00e9pek bek\u00f6t\u00e9se<\/li>\n<li>k\u00e9sz\u00fcl\u00e9k cser\u00e9k<\/li>\n<li>csaptelep jav\u00edt\u00e1sok-cser\u00e9k<\/li>\n<li>\u00faj rendszerek ki\u00e9p\u00edt\u00e9se<\/li>\n<li>cs\u0151h\u00e1l\u00f3zatok ki\u00e9p\u00edt\u00e9se<\/li>\n<li>lefoly\u00f3rendszerek tiszt\u00edt\u00e1sa- fel\u00faj\u00edt\u00e1sa<\/li>\n<li>r\u00e9gi vezet\u00e9kek \u00e1t\u00e9p\u00edt\u00e9se<\/li>\n<li>szaniterek cser\u00e9je<\/li>\n<li>f\u00fcrd\u0151szobai \u00e1talak\u00edt\u00e1sok<\/li>\n<li>mosogat\u00f3g\u00e9pek bek\u00f6t\u00e9se<\/li>\n<li>szifonok tiszt\u00edt\u00e1sa-cser\u00e9je<\/li>\n<li>szerelv\u00e9nyek cser\u00e9je<\/li>\n<li>zuhanykabinok be\u00e9p\u00edt\u00e9se<\/li>\n<\/ul>\n","protected":false},"excerpt":{"rendered":"<p>Az al\u00e1bbi tev\u00e9kenys\u00e9geket is v\u00e1llaljuk, r\u00f6vid hat\u00e1rid\u0151vel \u00e9s garanci\u00e1val: lakatosmunk\u00e1k az \u00f6n\u00f6k ig\u00e9nye szerint jav\u00edt\u00e1s teljes k\u00f6r\u0171 z\u00e1r, ajt\u00f3 jav\u00edt\u00e1s z\u00e1rcsere Non-Stop 0-24 z\u00e1rnyit\u00e1s \u00e9jjel-nappal z\u00e1rszerel\u00e9s nonstop z\u00e1rszerel\u00e9s 0-24h non stop h\u00edvhat\u00f3 gyors szolg\u00e1lat biztons\u00e1gi ajt\u00f3k jav\u00edt\u00e1sa, k\u00e9sz\u00edt\u00e9se, nyit\u00e1sa p\u00e1nc\u00e9lajt\u00f3k szerel\u00e9se, nyit\u00e1sa, jav\u00edt\u00e1sa, forgalmaz\u00e1sa bet\u00f6r\u00e9sbiztos ajt\u00f3k jav\u00edt\u00e1sa, k\u00e9sz\u00edt\u00e9se vasajt\u00f3k jav\u00edt\u00e1sa, k\u00e9sz\u00edt\u00e9se fabor\u00edt\u00e1s\u00fa p\u00e1nc\u00e9lajt\u00f3k forgalmaz\u00e1sa, k\u00e9sz\u00edt\u00e9se [&hellip;]<\/p>\n","protected":false},"author":1,"featured_media":0,"parent":0,"menu_order":2,"comment_status":"closed","ping_status":"closed","template":"","meta":[],"_links":{"self":[{"href":"https:\/\/www.gyal-zarszerviz.hu\/index.php?rest_route=\/wp\/v2\/pages\/11"}],"collection":[{"href":"https:\/\/www.gyal-zarszerviz.hu\/index.php?rest_route=\/wp\/v2\/pages"}],"about":[{"href":"https:\/\/www.gyal-zarszerviz.hu\/index.php?rest_route=\/wp\/v2\/types\/page"}],"author":[{"embeddable":true,"href":"https:\/\/www.gyal-zarszerviz.hu\/index.php?rest_route=\/wp\/v2\/users\/1"}],"replies":[{"embeddable":true,"href":"https:\/\/www.gyal-zarszerviz.hu\/index.php?rest_route=%2Fwp%2Fv2%2Fcomments&post=11"}],"version-history":[{"count":2,"href":"https:\/\/www.gyal-zarszerviz.hu\/index.php?rest_route=\/wp\/v2\/pages\/11\/revisions"}],"predecessor-version":[{"id":14,"href":"https:\/\/www.gyal-zarszerviz.hu\/index.php?rest_route=\/wp\/v2\/pages\/11\/revisions\/14"}],"wp:attachment":[{"href":"https:\/\/www.gyal-zarszerviz.hu\/index.php?rest_route=%2Fwp%2Fv2%2Fmedia&parent=11"}],"curies":[{"name":"wp","href":"https:\/\/api.w.org\/{rel}","templated":true}]}}